False
Does 36 divide 1943?
False
Is 10136 a multiple of 7?
True
Is 641 a multiple of 16?
False
Is 76 a factor of 836?
True
Is 4811 even?
False
Does 4 divide 4536?
True
Does 29 divide 1044?
True
Does 28 divide 5956?
False
Is 155 even?
False
Does 113 divide 23843?
True
Does 61 divide 2379?
True
Does 111 divide 3108?
True
Does 137 divide 10960?
True
Is 2 a factor of 306?
True
Does 213 divide 62196?
True
Is 9172 a multiple of 14?
False
Is 176 a factor of 880?
True
Is 5 a factor of 394?
False
Does 2 divide 567?
False
Is 39 a factor of 5076?
False
Is 918 a multiple of 7?
False
Is 69 a factor of 39399?
True
Is 134 a factor of 8623?
False
Is 146850 a multiple of 346?
False
Is 18 a factor of 21?
False
Is 65 a factor of 12781?
False
Is 14 a factor of 18654?
False
Does 8 divide 752?
True
Does 10 divide 30724?
False
Is 86876 a multiple of 18?
False
Is 50 a factor of 13000?
True
Does 23 divide 3642?
False
Does 61 divide 42395?
True
Is 93 a factor of 9393?
True
Does 103 divide 1133?
True
Is 714 a multiple of 17?
True
Does 233 divide 71065?
True
Is 14 a factor of 84?
True
Is 3603 a multiple of 26?
False
Is 14 a factor of 134?
False
Is 47 a factor of 2255?
False
Is 17777 a multiple of 8?
False
Is 9 a factor of 590?
False
Does 92 divide 3274?
False
Does 342 divide 91656?
True
Does 29 divide 29?
True
Is 442 a multiple of 51?
False
Is 912 a multiple of 19?
True
Is 168 a multiple of 24?
True
Does 6 divide 4104?
True
Does 4 divide 4855?
False
Is 36092 a multiple of 15?
False
Is 2263 a multiple of 171?
False
Is 1170 a multiple of 17?
False
Is 4 a factor of 304?
True
Does 14 divide 17852?
False
Is 41 a factor of 5481?
False
Is 48 a factor of 60816?
True
Is 75 a factor of 1500?
True
Does 13 divide 1495?
True
Is 6659 a multiple of 63?
False
Is 6244 a multiple of 8?
False
Does 22 divide 7374?
False
Does 9 divide 3654?
True
Does 17 divide 602?
False
Does 43 divide 763?
False
Is 69 a factor of 1656?
True
Is 497 a multiple of 13?
False
Does 25 divide 7500?
True
Does 19 divide 19?
True
Is 2125 a multiple of 64?
False
Does 85 divide 974?
False
Is 1896 a multiple of 79?
True
Is 912 a multiple of 36?
False
Is 119 a factor of 41124?
False
Does 72 divide 14472?
True
Is 720 a multiple of 9?
True
Does 29 divide 1258?
False
Does 14 divide 12404?
True
Is 14 a factor of 8601?
False
Is 26 a factor of 2880?
False
Is 61190 a multiple of 54?
False
Is 7 a factor of 189?
True
Does 85 divide 4107?
False
Does 21 divide 714?
True
Is 87 a factor of 3480?
True
Is 336 a factor of 21264?
False
Is 1312 a multiple of 16?
True
Is 77 a factor of 990?
False
Is 91 a factor of 1274?
True
Does 14 divide 19853?
False
Is 24 a factor of 48?
True
Is 120 a factor of 558?
False
Is 674 a multiple of 57?
False
Is 10 a multiple of 5?
True
Does 16 divide 2821?
False
Is 988 a multiple of 26?
True
Is 5230 a multiple of 11?
False
Does 87 divide 10362?
False
Does 5 divide 505?
True
Does 18 divide 164?
False
Does 16 divide 736?
True
Is 6496 a multiple of 4?
True
Does 23 divide 4646?
True
Is 3014 a multiple of 3?
False
Is 89 a multiple of 2?
False
Is 333 a multiple of 37?
True
Is 74 a factor of 888?
True
Is 11 a factor of 11?
True
Is 120 a factor of 51329?
False
Does 40 divide 11928?
False
Is 2590 a multiple of 7?
True
Is 16235 a multiple of 13?
False
Does 3 divide 25?
False
Does 2 divide 3599?
False
Does 155 divide 5327?
False
Is 15 a factor of 19232?
False
Is 329 a multiple of 7?
True
Does 35 divide 1960?
True
Does 16 divide 8263?
False
Is 9 a factor of 126?
True
Is 272 a factor of 2126?
False
Does 8 divide 563?
False
Does 44 divide 116424?
True
Does 7 divide 3416?
True
Is 10 a factor of 463?
False
Is 29 a factor of 1827?
True
Is 51 a multiple of 22?
False
Does 48 divide 2160?
True
Is 7 a factor of 259?
True
Does 9 divide 90?
True
Is 85 a factor of 3049?
False
Is 15912 a multiple of 72?
True
Is 48 a multiple of 8?
True
Does 2 divide 96?
True
Is 5936 a multiple of 8?
True
Does 25 divide 53?
False
Is 9024 a multiple of 32?
True
Is 5971 a multiple of 6?
False
Is 180 a multiple of 3?
True
Is 3026 a multiple of 3?
False
Is 9674 a multiple of 27?
False
Is 3498 a multiple of 11?
True
Is 46 a factor of 6026?
True
Does 7 divide 6160?
True
Is 710 a multiple of 5?
True
Is 41 a factor of 2296?
True
Is 3522 a multiple of 16?
False
Is 89 a factor of 5874?
True
Is 1859 a multiple of 11?
True
Is 5 a factor of 55?
True
Is 3176 a multiple of 4?
True
Does 11 divide 358?
False
Is 38 a factor of 56088?
True
Is 144 a multiple of 6?
True
Is 73 a factor of 17236?
False
Does 4 divide 2119?
False
Is 33 a factor of 1684?
False
Is 6 a factor of 270?
True
Does 43 divide 7751?
False
Does 7 divide 4095?
True
Is 672 a multiple of 24?
True
Is 510 a multiple of 30?
True
Does 10 divide 2763?
False
Is 4430 a multiple of 7?
False
Is 31 a factor of 10344?
False
Is 7 a factor of 322?
True
Is 24 a factor of 2812?
False
Is 1235 a multiple of 5?
True
Is 16928 a multiple of 16?
True
Is 33912 a multiple of 9?
True
Is 395 a multiple of 9?
False
Does 12 divide 15372?
True
Does 18 divide 2007?
False
Is 220 a multiple of 10?
True
Is 34001 a multiple of 121?
True
Is 7 a factor of 519?
False
Does 20 divide 2520?
True
Is 116 a multiple of 16?
False
Is 13965 a multiple of 35?
True
Does 28 divide 58996?
True
Does 31 divide 62?
True
Does 19 divide 1767?
True
Is 324 a multiple of 4?
True
Does 33 divide 429?
True
Does 21 divide 60312?
True
Is 1851 a multiple of 59?
False
Is 676 a multiple of 49?
False
Is 121 a factor of 748?
False
Is 9670 a multiple of 10?
True
Is 12833 a multiple of 3?
False
Does 25 divide 75940?
False
Is 35885 a multiple of 11?
False
Is 22 a factor of 1166?
True
Does 56 divide 1037?
False
Is 54 a factor of 17712?
True
Does 7 divide 36680?
True
Is 5937 a multiple of 14?
False
Is 14 a factor of 2492?
True
Does 19 divide 2071?
True
Is 3843 a multiple of 14?
False
Is 23 a factor of 4347?
True
Does 27 divide 116?
False
Is 57889 a multiple of 13?
True
Is 82795 a multiple of 271?
False
Is 201 a multiple of 42?
False
Is 115 a multiple of 5?
True
Is 16 a factor of 272?
True
Is 744 a multiple of 58?
False
Is 6 a factor of 3343?
False
Is 23464 a multiple of 56?
True
Does 145 divide 32970?
False
Is 35 a factor of 1225?
True
Does 2 divide 46?
True
Is 3402 a multiple of 21?
True
Is 87 a factor of 6351?
True
Does 20 divide 137020?
True
Is 32262 a multiple of 114?
True
Is 16557 a multiple of 137?
False
Does 11 divide 1661?
True
Is 21 a factor of 106?
False
Is 618 a multiple of 14?
False
Is 154 a factor of 80691?
False
Is 321 a multiple of 16?
False
Is 3 a factor of 103?
False
Does 18 divide 144?
True
Is 7268 a multiple of 46?
True
Is 112947 a multiple of 46?
False
Is 5309 a multiple of 62?
False
Is 7 a factor of 11683?
True
Is 4466 a multiple of 22?
True
Is 26 a factor of 4888?
True
Is 22658 a multiple of 210?
False
Does 43 divide 10363?
True
Is 20 a factor of 625?
False
Is 253 a multiple of 23?
True
Does 6 divide 30281?
False
Is 10 a factor of 3120?
True
Does 6 divide 7387?
False
Is 53 a factor of 6929?
False
Is 82600 a multiple of 280?
True
Does 17 divide 18766?
False
Does 26 divide 3224?
True
Is 4 a factor of 2454?
False
Does 108 divide 8316?
True
Does 2 divide 13?
False
Does 40 divide 20720?
True
Is 76 a factor of 684?
True
Does 148 divide 15843?
False
Is 22584 a multiple of 15?
False
Is 15590 a multiple of 169?
False
Does 2 divide 683?
False
Does 75 divide 722?
False
Does 85 divide 47175?
True
Is 130 a multiple of 30?
False
Does 3 divide 1081?
False
Does 10 divide 51?
False
Does 7 divide 693?
True
Does 8 divide 776?
True
Is 13 a factor of 387?
False
Is 476 a multiple of 4?
True
Does 23 divide 9085?
True
Is 572 even?
True
Does 19 divide 431?
False
Is 7 a factor of 98?
True
Does 50 divide 1500?
True
Is 21 a factor of 2247?
True
Is 28782 a multiple of 18?
True
Is 2020 a multiple of 10?
True
Is 4199 a multiple of 13?
True
Is 7802 a multiple of 63?
False
Is 11650 a multiple of 50?
True
Is 139 a factor of 5421?
True
Is 5412 a multiple of 25?
False
Is 11 a factor of 11682?
True
Is 107484 a multiple of 39?
True
Is 142 a multiple of 17?
False
Is 769 a multiple of 71?
False
Is 52 a factor of 14370?
False
Does 4 divide 266?
False
Is 19664 a multiple of 57?
False
Is 10 a factor of 2435?
False
Is 24 a factor of 11736?
True
Is 432 a multiple of 13?
False
Is 405 a multiple 